{"id":375,"date":"2016-09-24T12:46:47","date_gmt":"2016-09-24T10:46:47","guid":{"rendered":"http:\/\/toelthester.dk\/?page_id=375"},"modified":"2025-01-28T11:32:17","modified_gmt":"2025-01-28T10:32:17","slug":"profilfahrer","status":"publish","type":"page","link":"https:\/\/toelthester.dk\/de\/profil-ryttere\/","title":{"rendered":"Profilreiter"},"content":{"rendered":"<div class=\"wpb-content-wrapper\"><div data-vc-full-width=\"true\" data-vc-full-width-temp=\"true\" data-vc-full-width-init=\"false\" data-vc-stretch-content=\"true\" class=\"vc_row wpb_row vc_row-fluid vc_custom_1476087042414\"><div class=\"wpb_column vc_column_container vc_col-sm-2\"><div class=\"vc_column-inner\"><div class=\"wpb_wrapper\">\n\t<div  class=\"wpb_single_image wpb_content_element vc_align_left wpb_content_element\">\n\t\t\n\t\t<figure class=\"wpb_wrapper vc_figure\">\n\t\t\t<div class=\"vc_single_image-wrapper   vc_box_border_grey\"><img loading=\"lazy\" decoding=\"async\" width=\"150\" height=\"150\" src=\"https:\/\/toelthester.dk\/wp-content\/uploads\/2016\/09\/portrait_crike-150x150.jpg\" class=\"vc_single_image-img attachment-thumbnail\" alt=\"Christa Reich\" title=\"portrait_crike\" srcset=\"https:\/\/toelthester.dk\/wp-content\/uploads\/2016\/09\/portrait_crike-150x150.jpg 150w, https:\/\/toelthester.dk\/wp-content\/uploads\/2016\/09\/portrait_crike-100x100.jpg 100w\" sizes=\"auto, (max-width: 150px) 100vw, 150px\" \/><\/div>\n\t\t<\/figure>\n\t<\/div>\n<\/div><\/div><\/div><div class=\"wpb_column vc_column_container vc_col-sm-10\"><div class=\"vc_column-inner\"><div class=\"wpb_wrapper\">\n\t<div class=\"wpb_text_column wpb_content_element\" >\n\t\t<div class=\"wpb_wrapper\">\n\t\t\t<p><strong>Christa Reich<br \/>\n<\/strong>Christa begann im Alter von 4 Jahren mit dem Reiten. Schon in jungen Jahren begann sie, an Turnieren teilzunehmen und Spa\u00df zu haben.<\/p>\n<p>2012 und 2013 wurde sie bereits in mehreren Jugendklassen niederl\u00e4ndische Meisterin. Ab 2013 wurde es ernst und ihre Pferde wurden immer besser. Ende 2013 wollte sie unseren Hengst Vadall Fra Fensalir reiten.<\/p>\n\n\t\t<\/div>\n\t<\/div>\n<\/div><\/div><\/div><\/div><div class=\"vc_row-full-width vc_clearfix\"><\/div><div data-vc-full-width=\"true\" data-vc-full-width-temp=\"true\" data-vc-full-width-init=\"false\" data-vc-stretch-content=\"true\" class=\"vc_row wpb_row vc_row-fluid vc_custom_1476087066152\"><div class=\"wpb_column vc_column_container vc_col-sm-2\"><div class=\"vc_column-inner\"><div class=\"wpb_wrapper\">\n\t<div  class=\"wpb_single_image wpb_content_element vc_align_left wpb_content_element\">\n\t\t\n\t\t<figure class=\"wpb_wrapper vc_figure\">\n\t\t\t<div class=\"vc_single_image-wrapper   vc_box_border_grey\"><img loading=\"lazy\" decoding=\"async\" width=\"150\" height=\"150\" src=\"https:\/\/toelthester.dk\/wp-content\/uploads\/2016\/09\/Sk\u00e6rmbillede-2017-10-03-kl.-20.48.29-150x150.png\" class=\"vc_single_image-img attachment-thumbnail\" alt=\"\" title=\"Screenshot 03.10.2017 unter 20.48.29\" srcset=\"https:\/\/toelthester.dk\/wp-content\/uploads\/2016\/09\/Sk\u00e6rmbillede-2017-10-03-kl.-20.48.29-150x150.png 150w, https:\/\/toelthester.dk\/wp-content\/uploads\/2016\/09\/Sk\u00e6rmbillede-2017-10-03-kl.-20.48.29-100x100.png 100w, https:\/\/toelthester.dk\/wp-content\/uploads\/2016\/09\/Sk\u00e6rmbillede-2017-10-03-kl.-20.48.29-320x320.png 320w\" sizes=\"auto, (max-width: 150px) 100vw, 150px\" \/><\/div>\n\t\t<\/figure>\n\t<\/div>\n<\/div><\/div><\/div><div class=\"wpb_column vc_column_container vc_col-sm-10\"><div class=\"vc_column-inner\"><div class=\"wpb_wrapper\">\n\t<div class=\"wpb_text_column wpb_content_element\" >\n\t\t<div class=\"wpb_wrapper\">\n\t\t\t<p><strong>Veronika Rauch<br \/>\n<\/strong>Veronika Rauch ist ausgebildete IPZV (InselPferdeZuchtVerband) B-Trainerin, B-Ausbilderin und Jungpferdereiterin in Deutschland.<br \/>\nUnter anderem arbeitete sie am Lipperthof mit Uli und Irene Reber.<br \/>\nJetzt lebt sie in D\u00e4nemark, wo sie trainiert, unterrichtet und an Wettk\u00e4mpfen teilnimmt.<br \/>\n2017 gewann sie nach nur 6 Monaten Zusammenarbeit viermal Bronze mit dem Hengst Garpur aus H\u00f8jgaarden.<br \/>\nVeronika reitet T\u00f6lthester N\u00f3i.<br \/>\n<strong><a href=\"https:\/\/www.facebook.com\/staldvr\/?hc_ref=ARQPYqZXJqskxQGkVJdnsUTgj2QqiaSuPaPJIEAPxHygvEWGuEoy5kCyArTn5XUOkFE\">Link zur Facebook-Seite von Stald VR<\/a><\/strong><\/p>\n\n\t\t<\/div>\n\t<\/div>\n<\/div><\/div><\/div><\/div><div class=\"vc_row-full-width vc_clearfix\"><\/div><div data-vc-full-width=\"true\" data-vc-full-width-temp=\"true\" data-vc-full-width-init=\"false\" data-vc-stretch-content=\"true\" class=\"vc_row wpb_row vc_row-fluid vc_custom_1476087066152\"><div class=\"wpb_column vc_column_container vc_col-sm-2\"><div class=\"vc_column-inner\"><div class=\"wpb_wrapper\">\n\t<div  class=\"wpb_single_image wpb_content_element vc_align_left wpb_content_element\">\n\t\t\n\t\t<figure class=\"wpb_wrapper vc_figure\">\n\t\t\t<div class=\"vc_single_image-wrapper   vc_box_border_grey\"><img loading=\"lazy\" decoding=\"async\" width=\"150\" height=\"150\" src=\"https:\/\/toelthester.dk\/wp-content\/uploads\/2025\/01\/IMG_2533-150x150.jpeg\" class=\"vc_single_image-img attachment-thumbnail\" alt=\"\" title=\"Bild_2533\" srcset=\"https:\/\/toelthester.dk\/wp-content\/uploads\/2025\/01\/IMG_2533-150x150.jpeg 150w, https:\/\/toelthester.dk\/wp-content\/uploads\/2025\/01\/IMG_2533-100x100.jpeg 100w\" sizes=\"auto, (max-width: 150px) 100vw, 150px\" \/><\/div>\n\t\t<\/figure>\n\t<\/div>\n<\/div><\/div><\/div><div class=\"wpb_column vc_column_container vc_col-sm-10\"><div class=\"vc_column-inner\"><div class=\"wpb_wrapper\">\n\t<div class=\"wpb_text_column wpb_content_element\" >\n\t\t<div class=\"wpb_wrapper\">\n\t\t\t<p><strong>Freja Lovgreen<br \/>\n<\/strong>Mein Name ist Freja L\u00f8vgreen und ich bin 20 Jahre alt. Ich habe drei Turnierpferde und mein Hengst Fj\u00f6lvi von Hedegaard war in den letzten Jahren auf Turnieren sehr erfolgreich. In den letzten zwei Jahren habe ich die d\u00e4nische Nationalmannschaft bei den Landesmeisterschaften in Finnland und den Weltmeisterschaften in den Niederlanden vertreten. Bei der WM in den Niederlanden wurde ich Weltmeister in der P1 der Jungen Reiter und erreichte einen tollen 6. Platz in der P2. Ich bin stolz, nun Teil des Teams von T\u00f6lthester zu sein und freue mich darauf, es in der n\u00e4chsten Saison mit meinen beiden neuen Pferden und auch mit Fj\u00f6lvi pr\u00e4sentieren zu k\u00f6nnen.<\/p>\n\n\t\t<\/div>\n\t<\/div>\n<\/div><\/div><\/div><\/div><div class=\"vc_row-full-width vc_clearfix\"><\/div>\n<\/div>","protected":false},"excerpt":{"rendered":"Christa Rike Christa hat im Alter von 4 Jahren mit dem Reiten begonnen. Schon sehr...","protected":false},"author":1,"featured_media":0,"parent":0,"menu_order":0,"comment_status":"closed","ping_status":"closed","template":"","meta":{"inline_featured_image":false,"footnotes":""},"class_list":["post-375","page","type-page","status-publish","hentry"],"yoast_head":"<!-- This site is optimized with the Yoast SEO plugin v27.4 - https:\/\/yoast.com\/product\/yoast-seo-wordpress\/ -->\n<title>Her kan du l\u00e6re vores profil ryttere at kende, fra ind og udland<\/title>\n<meta name=\"description\" content=\"Veronika er vores profilrytter fra Danmark, Christa fra Holland, Ida fra Norge og My Linnet fra Danmark samt mange flere dygtige ryttere.\" \/>\n<meta name=\"robots\" content=\"index, follow, max-snippet:-1, max-image-preview:large, max-video-preview:-1\" \/>\n<link rel=\"canonical\" href=\"https:\/\/toelthester.dk\/de\/profilfahrer\/\" \/>\n<meta property=\"og:locale\" content=\"de_DE\" \/>\n<meta property=\"og:type\" content=\"article\" \/>\n<meta property=\"og:title\" content=\"Her kan du l\u00e6re vores profil ryttere at kende, fra ind og udland\" \/>\n<meta property=\"og:description\" content=\"Veronika er vores profilrytter fra Danmark, Christa fra Holland, Ida fra Norge og My Linnet fra Danmark samt mange flere dygtige ryttere.\" \/>\n<meta property=\"og:url\" content=\"https:\/\/toelthester.dk\/de\/profilfahrer\/\" \/>\n<meta property=\"og:site_name\" content=\"Toelthester\" \/>\n<meta property=\"article:modified_time\" content=\"2025-01-28T10:32:17+00:00\" \/>\n<meta name=\"twitter:card\" content=\"summary_large_image\" \/>\n<meta name=\"twitter:label1\" content=\"Gesch\u00e4tzte Lesezeit\" \/>\n\t<meta name=\"twitter:data1\" content=\"3\u00a0Minuten\" \/>\n<script type=\"application\/ld+json\" class=\"yoast-schema-graph\">{\"@context\":\"https:\\\/\\\/schema.org\",\"@graph\":[{\"@type\":\"WebPage\",\"@id\":\"https:\\\/\\\/toelthester.dk\\\/profil-ryttere\\\/\",\"url\":\"https:\\\/\\\/toelthester.dk\\\/profil-ryttere\\\/\",\"name\":\"Her kan du l\u00e6re vores profil ryttere at kende, fra ind og udland\",\"isPartOf\":{\"@id\":\"https:\\\/\\\/toelthester.dk\\\/#website\"},\"datePublished\":\"2016-09-24T10:46:47+00:00\",\"dateModified\":\"2025-01-28T10:32:17+00:00\",\"description\":\"Veronika er vores profilrytter fra Danmark, Christa fra Holland, Ida fra Norge og My Linnet fra Danmark samt mange flere dygtige ryttere.\",\"breadcrumb\":{\"@id\":\"https:\\\/\\\/toelthester.dk\\\/profil-ryttere\\\/#breadcrumb\"},\"inLanguage\":\"de\",\"potentialAction\":[{\"@type\":\"ReadAction\",\"target\":[\"https:\\\/\\\/toelthester.dk\\\/profil-ryttere\\\/\"]}]},{\"@type\":\"BreadcrumbList\",\"@id\":\"https:\\\/\\\/toelthester.dk\\\/profil-ryttere\\\/#breadcrumb\",\"itemListElement\":[{\"@type\":\"ListItem\",\"position\":1,\"name\":\"Hjem\",\"item\":\"https:\\\/\\\/toelthester.dk\\\/\"},{\"@type\":\"ListItem\",\"position\":2,\"name\":\"Profil ryttere\"}]},{\"@type\":\"WebSite\",\"@id\":\"https:\\\/\\\/toelthester.dk\\\/#website\",\"url\":\"https:\\\/\\\/toelthester.dk\\\/\",\"name\":\"Toelthester\",\"description\":\"\",\"potentialAction\":[{\"@type\":\"SearchAction\",\"target\":{\"@type\":\"EntryPoint\",\"urlTemplate\":\"https:\\\/\\\/toelthester.dk\\\/?s={search_term_string}\"},\"query-input\":{\"@type\":\"PropertyValueSpecification\",\"valueRequired\":true,\"valueName\":\"search_term_string\"}}],\"inLanguage\":\"de\"}]}<\/script>\n<!-- \/ Yoast SEO plugin. -->","yoast_head_json":{"title":"Hier k\u00f6nnen Sie unsere Profilreiter aus dem In- und Ausland kennenlernen","description":"Veronika ist unsere Profilreiterin aus D\u00e4nemark, Christa aus den Niederlanden, Ida aus Norwegen und My Linnet aus D\u00e4nemark sowie viele weitere erfahrene Reiter.","robots":{"index":"index","follow":"follow","max-snippet":"max-snippet:-1","max-image-preview":"max-image-preview:large","max-video-preview":"max-video-preview:-1"},"canonical":"https:\/\/toelthester.dk\/de\/profilfahrer\/","og_locale":"de_DE","og_type":"article","og_title":"Her kan du l\u00e6re vores profil ryttere at kende, fra ind og udland","og_description":"Veronika er vores profilrytter fra Danmark, Christa fra Holland, Ida fra Norge og My Linnet fra Danmark samt mange flere dygtige ryttere.","og_url":"https:\/\/toelthester.dk\/de\/profilfahrer\/","og_site_name":"Toelthester","article_modified_time":"2025-01-28T10:32:17+00:00","twitter_card":"summary_large_image","twitter_misc":{"Gesch\u00e4tzte Lesezeit":"3\u00a0Minuten"},"schema":{"@context":"https:\/\/schema.org","@graph":[{"@type":"WebPage","@id":"https:\/\/toelthester.dk\/profil-ryttere\/","url":"https:\/\/toelthester.dk\/profil-ryttere\/","name":"Hier k\u00f6nnen Sie unsere Profilreiter aus dem In- und Ausland kennenlernen","isPartOf":{"@id":"https:\/\/toelthester.dk\/#website"},"datePublished":"2016-09-24T10:46:47+00:00","dateModified":"2025-01-28T10:32:17+00:00","description":"Veronika ist unsere Profilreiterin aus D\u00e4nemark, Christa aus den Niederlanden, Ida aus Norwegen und My Linnet aus D\u00e4nemark sowie viele weitere erfahrene Reiter.","breadcrumb":{"@id":"https:\/\/toelthester.dk\/profil-ryttere\/#breadcrumb"},"inLanguage":"de","potentialAction":[{"@type":"ReadAction","target":["https:\/\/toelthester.dk\/profil-ryttere\/"]}]},{"@type":"BreadcrumbList","@id":"https:\/\/toelthester.dk\/profil-ryttere\/#breadcrumb","itemListElement":[{"@type":"ListItem","position":1,"name":"Hjem","item":"https:\/\/toelthester.dk\/"},{"@type":"ListItem","position":2,"name":"Profil ryttere"}]},{"@type":"WebSite","@id":"https:\/\/toelthester.dk\/#website","url":"https:\/\/toelthester.dk\/","name":"Toilettenpferde","description":"","potentialAction":[{"@type":"SearchAction","target":{"@type":"EntryPoint","urlTemplate":"https:\/\/toelthester.dk\/?s={search_term_string}"},"query-input":{"@type":"PropertyValueSpecification","valueRequired":true,"valueName":"search_term_string"}}],"inLanguage":"de"}]}},"_links":{"self":[{"href":"https:\/\/toelthester.dk\/de\/wp-json\/wp\/v2\/pages\/375","targetHints":{"allow":["GET"]}}],"collection":[{"href":"https:\/\/toelthester.dk\/de\/wp-json\/wp\/v2\/pages"}],"about":[{"href":"https:\/\/toelthester.dk\/de\/wp-json\/wp\/v2\/types\/page"}],"author":[{"embeddable":true,"href":"https:\/\/toelthester.dk\/de\/wp-json\/wp\/v2\/users\/1"}],"replies":[{"embeddable":true,"href":"https:\/\/toelthester.dk\/de\/wp-json\/wp\/v2\/comments?post=375"}],"version-history":[{"count":61,"href":"https:\/\/toelthester.dk\/de\/wp-json\/wp\/v2\/pages\/375\/revisions"}],"predecessor-version":[{"id":9998,"href":"https:\/\/toelthester.dk\/de\/wp-json\/wp\/v2\/pages\/375\/revisions\/9998"}],"wp:attachment":[{"href":"https:\/\/toelthester.dk\/de\/wp-json\/wp\/v2\/media?parent=375"}],"curies":[{"name":"wp","href":"https:\/\/api.w.org\/{rel}","templated":true}]}}

<div class="wpb-content-wrapper"><div data-vc-full-width="true" data-vc-full-width-temp="true" data-vc-full-width-init="false" data-vc-stretch-content="true" class="vc_row wpb_row vc_row-fluid vc_custom_1476087042414"><div class="wpb_column vc_column_container vc_col-sm-2"><div class="vc_column-inner"><div class="wpb_wrapper">
	<div  class="wpb_single_image wpb_content_element vc_align_left wpb_content_element">
		
		<figure class="wpb_wrapper vc_figure">
			<div class="vc_single_image-wrapper   vc_box_border_grey"><img loading="lazy" decoding="async" width="150" height="150" src="https://toelthester.dk/wp-content/uploads/2016/09/portrait_crike-150x150.jpg" class="vc_single_image-img attachment-thumbnail" alt="Christa Reich" title="portrait_crike" srcset="https://toelthester.dk/wp-content/uploads/2016/09/portrait_crike-150x150.jpg 150w, https://toelthester.dk/wp-content/uploads/2016/09/portrait_crike-100x100.jpg 100w" sizes="auto, (max-width: 150px) 100vw, 150px" /></div>
		</figure>
	</div>
</div></div></div><div class="wpb_column vc_column_container vc_col-sm-10"><div class="vc_column-inner"><div class="wpb_wrapper">
	<div class="wpb_text_column wpb_content_element" >
		<div class="wpb_wrapper">
			<p><strong>Christa Reich<br />
</strong>Christa begann im Alter von 4 Jahren mit dem Reiten. Schon in jungen Jahren begann sie, an Turnieren teilzunehmen und Spaß zu haben.</p>
<p>2012 und 2013 wurde sie bereits in mehreren Jugendklassen niederländische Meisterin. Ab 2013 wurde es ernst und ihre Pferde wurden immer besser. Ende 2013 wollte sie unseren Hengst Vadall Fra Fensalir reiten.</p>

		</div>
	</div>
</div></div></div></div><div class="vc_row-full-width vc_clearfix"></div><div data-vc-full-width="true" data-vc-full-width-temp="true" data-vc-full-width-init="false" data-vc-stretch-content="true" class="vc_row wpb_row vc_row-fluid vc_custom_1476087066152"><div class="wpb_column vc_column_container vc_col-sm-2"><div class="vc_column-inner"><div class="wpb_wrapper">
	<div  class="wpb_single_image wpb_content_element vc_align_left wpb_content_element">
		
		<figure class="wpb_wrapper vc_figure">
			<div class="vc_single_image-wrapper   vc_box_border_grey"><img loading="lazy" decoding="async" width="150" height="150" src="https://toelthester.dk/wp-content/uploads/2016/09/Skærmbillede-2017-10-03-kl.-20.48.29-150x150.png" class="vc_single_image-img attachment-thumbnail" alt="" title="Screenshot 03.10.2017 unter 20.48.29" srcset="https://toelthester.dk/wp-content/uploads/2016/09/Skærmbillede-2017-10-03-kl.-20.48.29-150x150.png 150w, https://toelthester.dk/wp-content/uploads/2016/09/Skærmbillede-2017-10-03-kl.-20.48.29-100x100.png 100w, https://toelthester.dk/wp-content/uploads/2016/09/Skærmbillede-2017-10-03-kl.-20.48.29-320x320.png 320w" sizes="auto, (max-width: 150px) 100vw, 150px" /></div>
		</figure>
	</div>
</div></div></div><div class="wpb_column vc_column_container vc_col-sm-10"><div class="vc_column-inner"><div class="wpb_wrapper">
	<div class="wpb_text_column wpb_content_element" >
		<div class="wpb_wrapper">
			<p><strong>Veronika Rauch<br />
</strong>Veronika Rauch ist ausgebildete IPZV (InselPferdeZuchtVerband) B-Trainerin, B-Ausbilderin und Jungpferdereiterin in Deutschland.<br />
Unter anderem arbeitete sie am Lipperthof mit Uli und Irene Reber.<br />
Jetzt lebt sie in Dänemark, wo sie trainiert, unterrichtet und an Wettkämpfen teilnimmt.<br />
2017 gewann sie nach nur 6 Monaten Zusammenarbeit viermal Bronze mit dem Hengst Garpur aus Højgaarden.<br />
Veronika reitet Tölthester Nói.<br />
<strong><a href="https://www.facebook.com/staldvr/?hc_ref=ARQPYqZXJqskxQGkVJdnsUTgj2QqiaSuPaPJIEAPxHygvEWGuEoy5kCyArTn5XUOkFE">Link zur Facebook-Seite von Stald VR</a></strong></p>

		</div>
	</div>
</div></div></div></div><div class="vc_row-full-width vc_clearfix"></div><div data-vc-full-width="true" data-vc-full-width-temp="true" data-vc-full-width-init="false" data-vc-stretch-content="true" class="vc_row wpb_row vc_row-fluid vc_custom_1476087066152"><div class="wpb_column vc_column_container vc_col-sm-2"><div class="vc_column-inner"><div class="wpb_wrapper">
	<div  class="wpb_single_image wpb_content_element vc_align_left wpb_content_element">
		
		<figure class="wpb_wrapper vc_figure">
			<div class="vc_single_image-wrapper   vc_box_border_grey"><img loading="lazy" decoding="async" width="150" height="150" src="https://toelthester.dk/wp-content/uploads/2025/01/IMG_2533-150x150.jpeg" class="vc_single_image-img attachment-thumbnail" alt="" title="Bild_2533" srcset="https://toelthester.dk/wp-content/uploads/2025/01/IMG_2533-150x150.jpeg 150w, https://toelthester.dk/wp-content/uploads/2025/01/IMG_2533-100x100.jpeg 100w" sizes="auto, (max-width: 150px) 100vw, 150px" /></div>
		</figure>
	</div>
</div></div></div><div class="wpb_column vc_column_container vc_col-sm-10"><div class="vc_column-inner"><div class="wpb_wrapper">
	<div class="wpb_text_column wpb_content_element" >
		<div class="wpb_wrapper">
			<p><strong>Freja Lovgreen<br />
</strong>Mein Name ist Freja Løvgreen und ich bin 20 Jahre alt. Ich habe drei Turnierpferde und mein Hengst Fjölvi von Hedegaard war in den letzten Jahren auf Turnieren sehr erfolgreich. In den letzten zwei Jahren habe ich die dänische Nationalmannschaft bei den Landesmeisterschaften in Finnland und den Weltmeisterschaften in den Niederlanden vertreten. Bei der WM in den Niederlanden wurde ich Weltmeister in der P1 der Jungen Reiter und erreichte einen tollen 6. Platz in der P2. Ich bin stolz, nun Teil des Teams von Tölthester zu sein und freue mich darauf, es in der nächsten Saison mit meinen beiden neuen Pferden und auch mit Fjölvi präsentieren zu können.</p>

		</div>
	</div>
</div></div></div></div><div class="vc_row-full-width vc_clearfix"></div>
</div>

<!-- This site is optimized with the Yoast SEO plugin v27.4 - https://yoast.com/product/yoast-seo-wordpress/ -->
<title>Her kan du lære vores profil ryttere at kende, fra ind og udland</title>
<meta name="description" content="Veronika er vores profilrytter fra Danmark, Christa fra Holland, Ida fra Norge og My Linnet fra Danmark samt mange flere dygtige ryttere." />
<meta name="robots" content="index, follow, max-snippet:-1, max-image-preview:large, max-video-preview:-1" />
<link rel="canonical" href="https://toelthester.dk/de/profilfahrer/" />
<meta property="og:locale" content="de_DE" />
<meta property="og:type" content="article" />
<meta property="og:title" content="Her kan du lære vores profil ryttere at kende, fra ind og udland" />
<meta property="og:description" content="Veronika er vores profilrytter fra Danmark, Christa fra Holland, Ida fra Norge og My Linnet fra Danmark samt mange flere dygtige ryttere." />
<meta property="og:url" content="https://toelthester.dk/de/profilfahrer/" />
<meta property="og:site_name" content="Toelthester" />
<meta property="article:modified_time" content="2025-01-28T10:32:17+00:00" />
<meta name="twitter:card" content="summary_large_image" />
<meta name="twitter:label1" content="Geschätzte Lesezeit" />
	<meta name="twitter:data1" content="3 Minuten" />
<script type="application/ld+json" class="yoast-schema-graph">{"@context":"https:\/\/schema.org","@graph":[{"@type":"WebPage","@id":"https:\/\/toelthester.dk\/profil-ryttere\/","url":"https:\/\/toelthester.dk\/profil-ryttere\/","name":"Her kan du lære vores profil ryttere at kende, fra ind og udland","isPartOf":{"@id":"https:\/\/toelthester.dk\/#website"},"datePublished":"2016-09-24T10:46:47+00:00","dateModified":"2025-01-28T10:32:17+00:00","description":"Veronika er vores profilrytter fra Danmark, Christa fra Holland, Ida fra Norge og My Linnet fra Danmark samt mange flere dygtige ryttere.","breadcrumb":{"@id":"https:\/\/toelthester.dk\/profil-ryttere\/#breadcrumb"},"inLanguage":"de","potentialAction":[{"@type":"ReadAction","target":["https:\/\/toelthester.dk\/profil-ryttere\/"]}]},{"@type":"BreadcrumbList","@id":"https:\/\/toelthester.dk\/profil-ryttere\/#breadcrumb","itemListElement":[{"@type":"ListItem","position":1,"name":"Hjem","item":"https:\/\/toelthester.dk\/"},{"@type":"ListItem","position":2,"name":"Profil ryttere"}]},{"@type":"WebSite","@id":"https:\/\/toelthester.dk\/#website","url":"https:\/\/toelthester.dk\/","name":"Toelthester","description":"","potentialAction":[{"@type":"SearchAction","target":{"@type":"EntryPoint","urlTemplate":"https:\/\/toelthester.dk\/?s={search_term_string}"},"query-input":{"@type":"PropertyValueSpecification","valueRequired":true,"valueName":"search_term_string"}}],"inLanguage":"de"}]}</script>
<!-- / Yoast SEO plugin. -->

Hier können Sie unsere Profilreiter aus dem In- und Ausland kennenlernen

Veronika ist unsere Profilreiterin aus Dänemark, Christa aus den Niederlanden, Ida aus Norwegen und My Linnet aus Dänemark sowie viele weitere erfahrene Reiter.

Her kan du lære vores profil ryttere at kende, fra ind og udland
